{"id":5047,"date":"2023-05-16T14:51:15","date_gmt":"2023-05-16T14:51:15","guid":{"rendered":"https:\/\/garola.es\/sujetador-laura-selene\/"},"modified":"2023-05-16T14:51:15","modified_gmt":"2023-05-16T14:51:15","slug":"sujetador-laura-selene","status":"publish","type":"product","link":"https:\/\/garola.es\/es\/sujetador-laura-selene\/","title":{"rendered":"Sujetador LAURA Selene"},"content":{"rendered":"<div class=\"flex flex-grow flex-col gap-3\">\n<div class=\"min-h-[20px] flex flex-col items-start gap-4 whitespace-pre-wrap break-words\">\n<div class=\"markdown prose w-full break-words dark:prose-invert light\">\n<div class=\"flex flex-grow flex-col gap-3\">\n<div class=\"min-h-[20px] flex flex-col items-start gap-4 whitespace-pre-wrap break-words\">\n<div class=\"markdown prose w-full break-words dark:prose-invert light\">\n<div class=\"flex flex-grow flex-col gap-3\">\n<div class=\"min-h-[20px] flex flex-col items-start gap-4 whitespace-pre-wrap break-words\">\n<div class=\"markdown prose w-full break-words dark:prose-invert light\">\n<div class=\"flex flex-grow flex-col gap-3\">\n<div class=\"min-h-[20px] flex flex-col items-start gap-4 whitespace-pre-wrap break-words\">\n<div>\n<div class=\"flex flex-grow flex-col gap-3\">\n<div class=\"min-h-[20px] flex flex-col items-start gap-4 whitespace-pre-wrap break-words\">\n<div class=\"markdown prose w-full break-words dark:prose-invert light\">\n<p>Sujetador LAURA Selene: es un sujetador de la marca Selene, perfecto para aportar comodidad y estilo. Con sus colores cl\u00e1sicos de blanco, negro y suelo, esta prenda interior es una combinaci\u00f3n ideal de funcionalidad y elegancia. LAURA lo encontrar\u00e1s en nuestra tienda, preg\u00fantanos por aqu\u00ed si tienes alguna duda o si quieres m\u00e1s info!<\/p>\n<\/div>\n<\/div>\n<\/div>\n<\/div>\n<\/div>\n<\/div>\n<\/div>\n<\/div>\n<\/div>\n<\/div>\n<\/div>\n<\/div>\n<p>&nbsp;<\/p>\n<\/div>\n<\/div>\n<\/div>\n<div id=\"tabla\">\n<p><strong>Tallas:<\/strong><\/p>\n<table>\n<tbody>\n<tr>\n<td>90<\/td>\n<td>95<\/td>\n<td>100<\/td>\n<td>105<\/td>\n<td>110<\/td>\n<td>115<\/td>\n<\/tr>\n<\/tbody>\n<\/table>\n<p><strong>Colores:<\/strong><\/p>\n<table>\n<tbody>\n<tr>\n<td>Negro<\/td>\n<td>Blanco<\/td>\n<td>Tierra<\/td>\n<\/tr>\n<\/tbody>\n<\/table>\n<\/div>\n","protected":false},"excerpt":{"rendered":"<p>Sujetador LAURA Selene: es un sujetador de la marca Selene, perfecto para aportar comodidad y estilo. Con sus colores cl\u00e1sicos de blanco, negro y suelo, esta prenda interior es una combinaci\u00f3n ideal de funcionalidad y elegancia. LAURA lo encontrar\u00e1s en nuestra tienda, preg\u00fantanos por aqu\u00ed si tienes alguna duda o si quieres m\u00e1s info! &nbsp; [&hellip;]<\/p>\n","protected":false},"featured_media":4224,"template":"","meta":[],"product_brand":[],"product_cat":[241],"product_tag":[],"class_list":{"0":"post-5047","1":"product","2":"type-product","3":"status-publish","4":"has-post-thumbnail","6":"product_cat-selene-es","8":"first","9":"outofstock","10":"featured","11":"taxable","12":"shipping-taxable","13":"product-type-simple"},"_links":{"self":[{"href":"https:\/\/garola.es\/es\/wp-json\/wp\/v2\/product\/5047","targetHints":{"allow":["GET"]}}],"collection":[{"href":"https:\/\/garola.es\/es\/wp-json\/wp\/v2\/product"}],"about":[{"href":"https:\/\/garola.es\/es\/wp-json\/wp\/v2\/types\/product"}],"version-history":[{"count":0,"href":"https:\/\/garola.es\/es\/wp-json\/wp\/v2\/product\/5047\/revisions"}],"wp:featuredmedia":[{"embeddable":true,"href":"https:\/\/garola.es\/es\/wp-json\/wp\/v2\/media\/4224"}],"wp:attachment":[{"href":"https:\/\/garola.es\/es\/wp-json\/wp\/v2\/media?parent=5047"}],"wp:term":[{"taxonomy":"product_brand","embeddable":true,"href":"https:\/\/garola.es\/es\/wp-json\/wp\/v2\/product_brand?post=5047"},{"taxonomy":"product_cat","embeddable":true,"href":"https:\/\/garola.es\/es\/wp-json\/wp\/v2\/product_cat?post=5047"},{"taxonomy":"product_tag","embeddable":true,"href":"https:\/\/garola.es\/es\/wp-json\/wp\/v2\/product_tag?post=5047"}],"curies":[{"name":"wp","href":"https:\/\/api.w.org\/{rel}","templated":true}]}}

<div class="flex flex-grow flex-col gap-3">
<div class="min-h-[20px] flex flex-col items-start gap-4 whitespace-pre-wrap break-words">
<div class="markdown prose w-full break-words dark:prose-invert light">
<div class="flex flex-grow flex-col gap-3">
<div class="min-h-[20px] flex flex-col items-start gap-4 whitespace-pre-wrap break-words">
<div class="markdown prose w-full break-words dark:prose-invert light">
<div class="flex flex-grow flex-col gap-3">
<div class="min-h-[20px] flex flex-col items-start gap-4 whitespace-pre-wrap break-words">
<div class="markdown prose w-full break-words dark:prose-invert light">
<div class="flex flex-grow flex-col gap-3">
<div class="min-h-[20px] flex flex-col items-start gap-4 whitespace-pre-wrap break-words">
<div>
<div class="flex flex-grow flex-col gap-3">
<div class="min-h-[20px] flex flex-col items-start gap-4 whitespace-pre-wrap break-words">
<div class="markdown prose w-full break-words dark:prose-invert light">
<p>Sujetador LAURA Selene: es un sujetador de la marca Selene, perfecto para aportar comodidad y estilo. Con sus colores clásicos de blanco, negro y suelo, esta prenda interior es una combinación ideal de funcionalidad y elegancia. LAURA lo encontrarás en nuestra tienda, pregúntanos por aquí si tienes alguna duda o si quieres más info!</p>
</div>
</div>
</div>
</div>
</div>
</div>
</div>
</div>
</div>
</div>
</div>
</div>
<p>&nbsp;</p>
</div>
</div>
</div>
<div id="tabla">
<p><strong>Tallas:</strong></p>
<table>
<tbody>
<tr>
<td>90</td>
<td>95</td>
<td>100</td>
<td>105</td>
<td>110</td>
<td>115</td>
</tr>
</tbody>
</table>
<p><strong>Colores:</strong></p>
<table>
<tbody>
<tr>
<td>Negro</td>
<td>Blanco</td>
<td>Tierra</td>
</tr>
</tbody>
</table>
</div>

<p>Sujetador LAURA Selene: es un sujetador de la marca Selene, perfecto para aportar comodidad y estilo. Con sus colores clásicos de blanco, negro y suelo, esta prenda interior es una combinación ideal de funcionalidad y elegancia. LAURA lo encontrarás en nuestra tienda, pregúntanos por aquí si tienes alguna duda o si quieres más info! &nbsp; [&hellip;]</p>
