{"id":5070,"date":"2023-05-13T18:19:39","date_gmt":"2023-05-13T18:19:39","guid":{"rendered":"https:\/\/garola.es\/pelele\/"},"modified":"2023-05-13T18:19:39","modified_gmt":"2023-05-13T18:19:39","slug":"pelele","status":"publish","type":"product","link":"https:\/\/garola.es\/es\/pelele\/","title":{"rendered":"Pelele"},"content":{"rendered":"<p>Pelele para cortas desde la 3 meses hasta la 36 (3 a\u00f1itos)<\/p>\n<p>En algod\u00f3n o bien felpaditos seg\u00fan la \u00e9poca del a\u00f1o.<\/p>\n<p>Ideales para la hora de acostarse o bien para todo llevar.<\/p>\n<p>&nbsp;<\/p>\n<p>&nbsp;<\/p>\n<p>&nbsp;<\/p>\n<p>&nbsp;<\/p>\n<p>&nbsp;<\/p>\n","protected":false},"excerpt":{"rendered":"<p>Pelele<\/p>\n<p>En algod\u00f3n o bien felpaditos seg\u00fan la \u00e9poca del a\u00f1o. tallas de la 3 hasta 3 a\u00f1itos<\/p>\n","protected":false},"featured_media":4011,"template":"","meta":[],"product_brand":[],"product_cat":[148,149],"product_tag":[],"class_list":{"0":"post-5070","1":"product","2":"type-product","3":"status-publish","4":"has-post-thumbnail","6":"product_cat-dormir-es","7":"product_cat-nacimiento","9":"first","10":"instock","11":"taxable","12":"shipping-taxable","13":"product-type-simple"},"_links":{"self":[{"href":"https:\/\/garola.es\/es\/wp-json\/wp\/v2\/product\/5070","targetHints":{"allow":["GET"]}}],"collection":[{"href":"https:\/\/garola.es\/es\/wp-json\/wp\/v2\/product"}],"about":[{"href":"https:\/\/garola.es\/es\/wp-json\/wp\/v2\/types\/product"}],"version-history":[{"count":0,"href":"https:\/\/garola.es\/es\/wp-json\/wp\/v2\/product\/5070\/revisions"}],"wp:featuredmedia":[{"embeddable":true,"href":"https:\/\/garola.es\/es\/wp-json\/wp\/v2\/media\/4011"}],"wp:attachment":[{"href":"https:\/\/garola.es\/es\/wp-json\/wp\/v2\/media?parent=5070"}],"wp:term":[{"taxonomy":"product_brand","embeddable":true,"href":"https:\/\/garola.es\/es\/wp-json\/wp\/v2\/product_brand?post=5070"},{"taxonomy":"product_cat","embeddable":true,"href":"https:\/\/garola.es\/es\/wp-json\/wp\/v2\/product_cat?post=5070"},{"taxonomy":"product_tag","embeddable":true,"href":"https:\/\/garola.es\/es\/wp-json\/wp\/v2\/product_tag?post=5070"}],"curies":[{"name":"wp","href":"https:\/\/api.w.org\/{rel}","templated":true}]}}

<p>Pelele para cortas desde la 3 meses hasta la 36 (3 añitos)</p>
<p>En algodón o bien felpaditos según la época del año.</p>
<p>Ideales para la hora de acostarse o bien para todo llevar.</p>
<p>&nbsp;</p>
<p>&nbsp;</p>
<p>&nbsp;</p>
<p>&nbsp;</p>
<p>&nbsp;</p>

<p>Pelele</p>
<p>En algodón o bien felpaditos según la época del año. tallas de la 3 hasta 3 añitos</p>
